{"id":840,"date":"2020-10-22T11:52:51","date_gmt":"2020-10-22T09:52:51","guid":{"rendered":"https:\/\/mosqueenogentsuroise.fr\/?page_id=840"},"modified":"2023-07-25T22:13:39","modified_gmt":"2023-07-25T20:13:39","slug":"faire-un-don-2","status":"publish","type":"page","link":"https:\/\/mosqueenogentsuroise.fr\/index.php\/faire-un-don-2\/","title":{"rendered":"Faire un Don"},"content":{"rendered":"<h1><span style=\"color: #034c24;\">Vous avez la possibilit\u00e9 de faire un don via les moyens suivants :<\/span><\/h1>\n<h2 style=\"text-align: left;\"><span style=\"color: #034c24;\">Par CB ou <\/span><span style=\"color: #034c24;\">PayPal :<\/span><\/h2>\n<form action=\"https:\/\/www.paypal.com\/cgi-bin\/webscr\" method=\"post\" target=\"_top\"><input name=\"cmd\" type=\"hidden\" value=\"_s-xclick\" \/> <input name=\"hosted_button_id\" type=\"hidden\" value=\"9BQ4HQ82QY69S\" \/> <input title=\"PayPal - The safer, easier way to pay online!\" alt=\"Bouton Faites un don avec PayPal\" name=\"submit\" src=\"https:\/\/www.paypalobjects.com\/fr_FR\/FR\/i\/btn\/btn_donateCC_LG.gif\" type=\"image\" \/> <img loading=\"lazy\" decoding=\"async\" class=\"aligncenter\" src=\"https:\/\/www.paypal.com\/fr_FR\/i\/scr\/pixel.gif\" alt=\"\" width=\"1\" height=\"1\" border=\"0\" \/><\/form>\n<h2>\u00a0<\/h2>\n<h2><span style=\"color: #034c24;\">Par ch\u00e8que\u00a0 :<\/span><\/h2>\n<p style=\"text-align: center;\">Envoyez votre ch\u00e8que \u00e0 l&rsquo;ordre de <b>ANEC<\/b> \u00e0\u00a0 l&rsquo;adresse suivante:<br \/>ANEC<br \/>38 avenue Albert Jacquard<br \/>60180 Nogent sur Oise<\/p>\n<h2><span style=\"color: #034c24;\">Par virement :<\/span><\/h2>\n\n<table id=\"tablepress-3\" class=\"tablepress tablepress-id-3 tbody-has-connected-cells\">\n<tbody>\n<tr class=\"row-1\">\n\t<td colspan=\"4\" class=\"column-1\"><strong>Association Nogentaise d\u2019\u00c9changes Culturels<br \/>\nRelev\u00e9 D\u2019Identit\u00e9 Bancaire \u2013 RIB<\/strong><\/td>\n<\/tr>\n<tr class=\"row-2\">\n\t<td class=\"column-1\"><strong>Code Banque<\/strong><\/td><td class=\"column-2\"><strong>Code Guichet<\/strong><\/td><td class=\"column-3\"><strong>N\u00b0 de Compte<\/strong><\/td><td class=\"column-4\"><strong>Cl\u00e9<\/strong><\/td>\n<\/tr>\n<tr class=\"row-3\">\n\t<td class=\"column-1\">10278<\/td><td class=\"column-2\">02632<\/td><td class=\"column-3\">00021941902<\/td><td class=\"column-4\">13<\/td>\n<\/tr>\n<tr class=\"row-4\">\n\t<td colspan=\"4\" class=\"column-1\"><strong>Num\u00e9ro de compte bancaire international<\/strong><\/td>\n<\/tr>\n<tr class=\"row-5\">\n\t<td colspan=\"2\" class=\"column-1\"><strong>IBAN<\/strong><\/td><td colspan=\"2\" class=\"column-3\"><strong>BIC<\/strong><\/td>\n<\/tr>\n<tr class=\"row-6\">\n\t<td colspan=\"2\" class=\"column-1\">FR76 1027 8026 3200 0219 4190 213<\/td><td colspan=\"2\" class=\"column-3\">CMCIFR2A<\/td>\n<\/tr>\n<\/tbody>\n<\/table>\n<!-- #tablepress-3 from cache -->\n<h2><span style=\"color: #034c24;\">Directement par le formulaire ci-dessous :<\/span><\/h2>\n<p><iframe id=\"haWidget\" style=\"width: 100%; height: 750px; border: none;\" src=\"https:\/\/www.helloasso.com\/associations\/anec\/formulaires\/1\/widget\" scrolling=\"auto\"><\/iframe><\/p>\n\n\n<div class=\"wp-block-group\"><div class=\"wp-block-group__inner-container is-layout-flow wp-block-group-is-layout-flow\"><\/div><\/div>\n\n\n\n<p><\/p>\n","protected":false},"excerpt":{"rendered":"<p>Vous avez la possibilit\u00e9 de faire un don via les moyens suivants : Par CB ou PayPal : \u00a0 Par ch\u00e8que\u00a0 : Envoyez votre ch\u00e8que \u00e0 l&rsquo;ordre de ANEC \u00e0\u00a0 l&rsquo;adresse suivante:ANEC38 avenue Albert Jacquard60180 Nogent sur Oise Par virement&hellip; <br \/><a class=\"read-more-button\" href=\"https:\/\/mosqueenogentsuroise.fr\/index.php\/faire-un-don-2\/\">Savoir plus<\/a><\/p>\n","protected":false},"author":1,"featured_media":0,"parent":0,"menu_order":0,"comment_status":"closed","ping_status":"closed","template":"","meta":{"give_campaign_id":0,"_monsterinsights_skip_tracking":false,"_monsterinsights_sitenote_active":false,"_monsterinsights_sitenote_note":"","_monsterinsights_sitenote_category":0,"footnotes":""},"class_list":["post-840","page","type-page","status-publish","hentry"],"yoast_head":"<!-- This site is optimized with the Yoast SEO plugin v27.4 - https:\/\/yoast.com\/product\/yoast-seo-wordpress\/ -->\n<title>Faire un Don - Mosqu\u00e9e de Nogent sur Oise<\/title>\n<meta name=\"robots\" content=\"index, follow, max-snippet:-1, max-image-preview:large, max-video-preview:-1\" \/>\n<link rel=\"canonical\" href=\"https:\/\/mosqueenogentsuroise.fr\/index.php\/faire-un-don-2\/\" \/>\n<meta property=\"og:locale\" content=\"fr_FR\" \/>\n<meta property=\"og:type\" content=\"article\" \/>\n<meta property=\"og:title\" content=\"Faire un Don - Mosqu\u00e9e de Nogent sur Oise\" \/>\n<meta property=\"og:description\" content=\"Vous avez la possibilit\u00e9 de faire un don via les moyens suivants : Par CB ou PayPal : \u00a0 Par ch\u00e8que\u00a0 : Envoyez votre ch\u00e8que \u00e0 l&rsquo;ordre de ANEC \u00e0\u00a0 l&rsquo;adresse suivante:ANEC38 avenue Albert Jacquard60180 Nogent sur Oise Par virement&hellip; Savoir plus\" \/>\n<meta property=\"og:url\" content=\"https:\/\/mosqueenogentsuroise.fr\/index.php\/faire-un-don-2\/\" \/>\n<meta property=\"og:site_name\" content=\"Mosqu\u00e9e de Nogent sur Oise\" \/>\n<meta property=\"article:modified_time\" content=\"2023-07-25T20:13:39+00:00\" \/>\n<meta property=\"og:image\" content=\"https:\/\/www.paypal.com\/fr_FR\/i\/scr\/pixel.gif\" \/>\n<meta name=\"twitter:card\" content=\"summary_large_image\" \/>\n<meta name=\"twitter:label1\" content=\"Dur\u00e9e de lecture estim\u00e9e\" \/>\n\t<meta name=\"twitter:data1\" content=\"1 minute\" \/>\n<script type=\"application\/ld+json\" class=\"yoast-schema-graph\">{\"@context\":\"https:\\\/\\\/schema.org\",\"@graph\":[{\"@type\":\"WebPage\",\"@id\":\"https:\\\/\\\/mosqueenogentsuroise.fr\\\/index.php\\\/faire-un-don-2\\\/\",\"url\":\"https:\\\/\\\/mosqueenogentsuroise.fr\\\/index.php\\\/faire-un-don-2\\\/\",\"name\":\"Faire un Don - Mosqu\u00e9e de Nogent sur Oise\",\"isPartOf\":{\"@id\":\"https:\\\/\\\/mosqueenogentsuroise.fr\\\/#website\"},\"primaryImageOfPage\":{\"@id\":\"https:\\\/\\\/mosqueenogentsuroise.fr\\\/index.php\\\/faire-un-don-2\\\/#primaryimage\"},\"image\":{\"@id\":\"https:\\\/\\\/mosqueenogentsuroise.fr\\\/index.php\\\/faire-un-don-2\\\/#primaryimage\"},\"thumbnailUrl\":\"https:\\\/\\\/www.paypal.com\\\/fr_FR\\\/i\\\/scr\\\/pixel.gif\",\"datePublished\":\"2020-10-22T09:52:51+00:00\",\"dateModified\":\"2023-07-25T20:13:39+00:00\",\"breadcrumb\":{\"@id\":\"https:\\\/\\\/mosqueenogentsuroise.fr\\\/index.php\\\/faire-un-don-2\\\/#breadcrumb\"},\"inLanguage\":\"fr-FR\",\"potentialAction\":[{\"@type\":\"ReadAction\",\"target\":[\"https:\\\/\\\/mosqueenogentsuroise.fr\\\/index.php\\\/faire-un-don-2\\\/\"]}]},{\"@type\":\"ImageObject\",\"inLanguage\":\"fr-FR\",\"@id\":\"https:\\\/\\\/mosqueenogentsuroise.fr\\\/index.php\\\/faire-un-don-2\\\/#primaryimage\",\"url\":\"https:\\\/\\\/www.paypal.com\\\/fr_FR\\\/i\\\/scr\\\/pixel.gif\",\"contentUrl\":\"https:\\\/\\\/www.paypal.com\\\/fr_FR\\\/i\\\/scr\\\/pixel.gif\"},{\"@type\":\"BreadcrumbList\",\"@id\":\"https:\\\/\\\/mosqueenogentsuroise.fr\\\/index.php\\\/faire-un-don-2\\\/#breadcrumb\",\"itemListElement\":[{\"@type\":\"ListItem\",\"position\":1,\"name\":\"Accueil\",\"item\":\"https:\\\/\\\/mosqueenogentsuroise.fr\\\/\"},{\"@type\":\"ListItem\",\"position\":2,\"name\":\"Faire un Don\"}]},{\"@type\":\"WebSite\",\"@id\":\"https:\\\/\\\/mosqueenogentsuroise.fr\\\/#website\",\"url\":\"https:\\\/\\\/mosqueenogentsuroise.fr\\\/\",\"name\":\"Mosqu\u00e9e de Nogent sur Oise\",\"description\":\"\",\"potentialAction\":[{\"@type\":\"SearchAction\",\"target\":{\"@type\":\"EntryPoint\",\"urlTemplate\":\"https:\\\/\\\/mosqueenogentsuroise.fr\\\/?s={search_term_string}\"},\"query-input\":{\"@type\":\"PropertyValueSpecification\",\"valueRequired\":true,\"valueName\":\"search_term_string\"}}],\"inLanguage\":\"fr-FR\"}]}<\/script>\n<!-- \/ Yoast SEO plugin. -->","yoast_head_json":{"title":"Faire un Don - Mosqu\u00e9e de Nogent sur Oise","robots":{"index":"index","follow":"follow","max-snippet":"max-snippet:-1","max-image-preview":"max-image-preview:large","max-video-preview":"max-video-preview:-1"},"canonical":"https:\/\/mosqueenogentsuroise.fr\/index.php\/faire-un-don-2\/","og_locale":"fr_FR","og_type":"article","og_title":"Faire un Don - Mosqu\u00e9e de Nogent sur Oise","og_description":"Vous avez la possibilit\u00e9 de faire un don via les moyens suivants : Par CB ou PayPal : \u00a0 Par ch\u00e8que\u00a0 : Envoyez votre ch\u00e8que \u00e0 l&rsquo;ordre de ANEC \u00e0\u00a0 l&rsquo;adresse suivante:ANEC38 avenue Albert Jacquard60180 Nogent sur Oise Par virement&hellip; Savoir plus","og_url":"https:\/\/mosqueenogentsuroise.fr\/index.php\/faire-un-don-2\/","og_site_name":"Mosqu\u00e9e de Nogent sur Oise","article_modified_time":"2023-07-25T20:13:39+00:00","og_image":[{"url":"https:\/\/www.paypal.com\/fr_FR\/i\/scr\/pixel.gif","type":"","width":"","height":""}],"twitter_card":"summary_large_image","twitter_misc":{"Dur\u00e9e de lecture estim\u00e9e":"1 minute"},"schema":{"@context":"https:\/\/schema.org","@graph":[{"@type":"WebPage","@id":"https:\/\/mosqueenogentsuroise.fr\/index.php\/faire-un-don-2\/","url":"https:\/\/mosqueenogentsuroise.fr\/index.php\/faire-un-don-2\/","name":"Faire un Don - Mosqu\u00e9e de Nogent sur Oise","isPartOf":{"@id":"https:\/\/mosqueenogentsuroise.fr\/#website"},"primaryImageOfPage":{"@id":"https:\/\/mosqueenogentsuroise.fr\/index.php\/faire-un-don-2\/#primaryimage"},"image":{"@id":"https:\/\/mosqueenogentsuroise.fr\/index.php\/faire-un-don-2\/#primaryimage"},"thumbnailUrl":"https:\/\/www.paypal.com\/fr_FR\/i\/scr\/pixel.gif","datePublished":"2020-10-22T09:52:51+00:00","dateModified":"2023-07-25T20:13:39+00:00","breadcrumb":{"@id":"https:\/\/mosqueenogentsuroise.fr\/index.php\/faire-un-don-2\/#breadcrumb"},"inLanguage":"fr-FR","potentialAction":[{"@type":"ReadAction","target":["https:\/\/mosqueenogentsuroise.fr\/index.php\/faire-un-don-2\/"]}]},{"@type":"ImageObject","inLanguage":"fr-FR","@id":"https:\/\/mosqueenogentsuroise.fr\/index.php\/faire-un-don-2\/#primaryimage","url":"https:\/\/www.paypal.com\/fr_FR\/i\/scr\/pixel.gif","contentUrl":"https:\/\/www.paypal.com\/fr_FR\/i\/scr\/pixel.gif"},{"@type":"BreadcrumbList","@id":"https:\/\/mosqueenogentsuroise.fr\/index.php\/faire-un-don-2\/#breadcrumb","itemListElement":[{"@type":"ListItem","position":1,"name":"Accueil","item":"https:\/\/mosqueenogentsuroise.fr\/"},{"@type":"ListItem","position":2,"name":"Faire un Don"}]},{"@type":"WebSite","@id":"https:\/\/mosqueenogentsuroise.fr\/#website","url":"https:\/\/mosqueenogentsuroise.fr\/","name":"Mosqu\u00e9e de Nogent sur Oise","description":"","potentialAction":[{"@type":"SearchAction","target":{"@type":"EntryPoint","urlTemplate":"https:\/\/mosqueenogentsuroise.fr\/?s={search_term_string}"},"query-input":{"@type":"PropertyValueSpecification","valueRequired":true,"valueName":"search_term_string"}}],"inLanguage":"fr-FR"}]}},"campaignId":"","_links":{"self":[{"href":"https:\/\/mosqueenogentsuroise.fr\/index.php\/wp-json\/wp\/v2\/pages\/840","targetHints":{"allow":["GET"]}}],"collection":[{"href":"https:\/\/mosqueenogentsuroise.fr\/index.php\/wp-json\/wp\/v2\/pages"}],"about":[{"href":"https:\/\/mosqueenogentsuroise.fr\/index.php\/wp-json\/wp\/v2\/types\/page"}],"author":[{"embeddable":true,"href":"https:\/\/mosqueenogentsuroise.fr\/index.php\/wp-json\/wp\/v2\/users\/1"}],"replies":[{"embeddable":true,"href":"https:\/\/mosqueenogentsuroise.fr\/index.php\/wp-json\/wp\/v2\/comments?post=840"}],"version-history":[{"count":6,"href":"https:\/\/mosqueenogentsuroise.fr\/index.php\/wp-json\/wp\/v2\/pages\/840\/revisions"}],"predecessor-version":[{"id":1296,"href":"https:\/\/mosqueenogentsuroise.fr\/index.php\/wp-json\/wp\/v2\/pages\/840\/revisions\/1296"}],"wp:attachment":[{"href":"https:\/\/mosqueenogentsuroise.fr\/index.php\/wp-json\/wp\/v2\/media?parent=840"}],"curies":[{"name":"wp","href":"https:\/\/api.w.org\/{rel}","templated":true}]}}