{"id":228,"date":"2017-08-26T23:39:19","date_gmt":"2017-08-26T21:39:19","guid":{"rendered":"https:\/\/mosqueenogentsuroise.fr\/?page_id=228"},"modified":"2021-04-19T12:45:03","modified_gmt":"2021-04-19T10:45:03","slug":"programme-annuel-avances","status":"publish","type":"page","link":"https:\/\/mosqueenogentsuroise.fr\/index.php\/nos-activites\/cours-pour-enfants\/programme-annuel-avances\/","title":{"rendered":"Programme annuel des avanc\u00e9s"},"content":{"rendered":"<h1 style=\"text-align: center;\"><span style=\"color: #c0aa04;\">Programme Annuel \u2013 Classe Avanc\u00e9s<\/span><\/h1>\n<h2 style=\"text-align: center;\"><span style=\"color: #034c24;\"><strong>D\u00e9but Septembre \u2013 Jusqu\u2019\u00e0 fin Octobre<\/strong><\/span><\/h2>\n<h3><span style=\"color: #c0aa04;\"><strong>Coran<\/strong><\/span><\/h3>\n<ul>\n<li><strong>Approfondissement de la maitrise de la lecture du Coran : <\/strong><\/li>\n<li>Finir le reste du 29e djouz&rsquo; jusqu\u2019\u00e0 moursalat et essayer de lire aussi le 1er djouz&rsquo; et le 28e avec un Tajwid accept\u00e9<\/li>\n<li>Ma\u00eetriser les r\u00e8gles de Tajwid noun sakina et tanwin (izhar,idgham) <a href=\"https:\/\/www.librairie-sana.com\/science-du-tajwid\/7917-le-tajwid-simplifie-nouvelle-approche-niveaux-1-2-de-livre-farid-ouyalize-tajwid-coran-9782356330178.html\">Livre Le Tajwid Simplifi\u00e9<\/a><\/li>\n<li>R\u00e9viser avec un bon Tajwid toutes les sourates connues<\/li>\n<li>Apprendre par c\u0153ur avec Tajwid depuis la Sourate Al-Fatihah jusqu\u2019\u00e0 <strong>la sourate al-Masad<\/strong><\/li>\n<li>Option m\u00e9morisation du Coran pour les \u00e9l\u00e8vesqui ma\u00eetrisent bien les r\u00e8gles de Tajwid (Filles et gar\u00e7ons)<\/li>\n<\/ul>\n<h3><span style=\"color: #c0aa04;\"><strong>Croyances <\/strong><\/span><\/h3>\n<ul>\n<li>Livre <a href=\"https:\/\/www.souk-ul-muslim.fr\/aquida-croyance\/2562-islam-croyance-et-pratique-petit-guide-suleyman-eris-du-nil.html\">Islam Croyance et Pratique (Petit Guide) &#8211; S\u00fcleyman Eris &#8211; Du Nil (A CONFIRMER APRES ACHAT)<\/a>\n<ul>\n<li>Le but de la vie et de la Foi<\/li>\n<li>La vision islamique de l\u2019humanit\u00e9<\/li>\n<\/ul>\n<\/li>\n<\/ul>\n<h3><strong>\u00a0<\/strong><span style=\"color: #c0aa04;\"><strong>Adorations<\/strong><\/span><\/h3>\n<ul>\n<li>R\u00e9vision du livre AL Moukhtassar AL AKHDARI jusqu\u2019\u00e0 le jusqu\u2019au chapitre sur le Tayamoum AVEC PRATIQUE<\/li>\n<\/ul>\n<h3><span style=\"color: #c0aa04;\"><strong>Hadiths \u00e0 m\u00e9moriser en arabe et en fran\u00e7ais<\/strong><\/span><\/h3>\n<ul>\n<li>Livre <a href=\"https:\/\/www.librairie-sana.com\/le-hadith-livre\/5716-40-hadiths-de-nawawi-francais-arabe-format-poche-8-x-10-cm-9782752400376.html\">Quarante hadiths &#8211; Nawawi en langue arabe et fran\u00e7aise.<\/a><\/li>\n<li>1<sup>er<\/sup> ,2<sup>e<\/sup>; 3<sup>e<\/sup> du livre Quarante hadiths &#8211; Nawawi<\/li>\n<\/ul>\n<h3><span style=\"color: #c0aa04;\"><strong>Histoire de la vie du proph\u00e8te Mouhammad (PBSL) \u2013 Siratoun-Nabi 2 \u00e9me partie<\/strong><\/span><\/h3>\n<ul>\n<li>De la Page 12 \u00e0 la page 20<\/li>\n<\/ul>\n<h3><span style=\"color: #c0aa04;\"><strong>\u00a0<\/strong><strong>Invocations<\/strong><\/span><\/h3>\n<ul>\n<li>Livre d\u2019invocations \u00ab Les indispensables \u00bb<\/li>\n<li><strong style=\"font-size: inherit;\">Visualisation du documentaire \u00ab\u00a0Voyage avec le Coran Saison 2\u00a0\u00bb<\/strong><\/li>\n<li>Ponctuellement selon l\u2019avancement du programme<\/li>\n<\/ul>\n<h2 style=\"text-align: center;\"><span style=\"color: #034c24;\"><strong>\u00a0D\u00e9but Novembre \u2013 Jusqu\u2019\u00e0 fin Janvier\u00a0<\/strong><\/span><\/h2>\n<h3><strong>\u00a0<\/strong><span style=\"color: #c0aa04;\"><strong>Coran<\/strong><\/span><\/h3>\n<ul>\n<li><strong>Approfondissement de la maitrise de la lecture du Coran : <\/strong><\/li>\n<li>Lecture du 2\u00e9me djouz&rsquo; et le 28e avec un Tajwid accept\u00e9<\/li>\n<li>Ma\u00eetriser les r\u00e8gles de Tajwid noun sakina et tanwin (izhar,idgham) <a href=\"https:\/\/www.librairie-sana.com\/science-du-tajwid\/7917-le-tajwid-simplifie-nouvelle-approche-niveaux-1-2-de-livre-farid-ouyalize-tajwid-coran-9782356330178.html\">Livre Le Tajwid Simplifi\u00e9<\/a><\/li>\n<li>R\u00e9viser avec un bon Tajwid toutes les sourates connues<\/li>\n<li>Apprendre par c\u0153ur avec Tajwid depuis la Sourate fatihah jusqu\u2019\u00e0 la <strong>sourate Al Ma\u2019oune<\/strong><\/li>\n<li>Option m\u00e9morisation du Coran pour les \u00e9l\u00e8vesqui ma\u00eetrisent bien les r\u00e8gles de Tajwid (Filles et gar\u00e7ons)<\/li>\n<\/ul>\n<h3><span style=\"color: #c0aa04;\"><strong>Croyances <\/strong><\/span><\/h3>\n<ul>\n<li>Livre <a href=\"https:\/\/www.souk-ul-muslim.fr\/aquida-croyance\/2562-islam-croyance-et-pratique-petit-guide-suleyman-eris-du-nil.html\">Islam Croyance et Pratique (Petit Guide) &#8211; S\u00fcleyman Eris &#8211; Du Nil (A CONFIRMER APRES ACHAT)<\/a>\n<ul>\n<li>Le proph\u00e8te Mohammed (PBSL)<\/li>\n<\/ul>\n<\/li>\n<\/ul>\n<h3><strong>\u00a0<\/strong><span style=\"color: #c0aa04;\"><strong>Adorations<\/strong><\/span><\/h3>\n<ul>\n<li>R\u00e9vision du livre AL Moukhtassar AL AKHDARI jusqu\u2019au chapitre sur les prosternations d\u2019oubli AVEC PRATIQUE<\/li>\n<li>Perfectionner sa pri\u00e8re par la voie de la pratique, revoir les manquements li\u00e9s \u00e0 la pri\u00e8re\u00a0\u00a0 (invocations , et autres ) et les combler par la pratique<\/li>\n<li>Etre stricte sur la pratique de la pri\u00e8re \u00e0 la maison<\/li>\n<\/ul>\n<h3><span style=\"color: #c0aa04;\"><strong>Hadiths \u00e0 m\u00e9moriser en arabe et en fran\u00e7ais<\/strong><\/span><\/h3>\n<ul>\n<li>Livre <a href=\"https:\/\/www.librairie-sana.com\/le-hadith-livre\/5716-40-hadiths-de-nawawi-francais-arabe-format-poche-8-x-10-cm-9782752400376.html\">Quarante hadiths &#8211; Nawawi en langue arabe et fran\u00e7aise.<\/a><\/li>\n<li>4<sup>e<\/sup> 5<sup>e<\/sup> ; 6<sup>e<\/sup>du livre Quarante hadiths &#8211; Nawawi<\/li>\n<\/ul>\n<h3><span style=\"color: #c0aa04;\"><strong>Histoire de la vie du proph\u00e8te Mouhammad (PBSL) \u2013 Siratoun-Nabi 2 \u00e9me partie<\/strong><\/span><\/h3>\n<ul>\n<li>De la Page 22 et la page 29<\/li>\n<\/ul>\n<h3><strong>\u00a0<\/strong><span style=\"color: #c0aa04;\"><strong>Invocations<\/strong><\/span><\/h3>\n<ul>\n<li>Livre d\u2019invocations \u00ab\u00a0Les indispensables\u00a0\u00bb<\/li>\n<\/ul>\n<ul>\n<li><strong>Visualisation du documentaire \u00ab Voyage avec le Coran Saison 2 \u00bb<\/strong><\/li>\n<li>Ponctuellement selon l\u2019avancement du programme<\/li>\n<\/ul>\n<h2 style=\"text-align: center;\"><span style=\"color: #c0aa04;\">*********************************************<\/span><\/h2>\n<h2 style=\"text-align: center;\"><span style=\"color: #c0aa04;\">\u00c9VALUATION<strong>\u00a0FIN 1ER SEMESTRE<\/strong><\/span><\/h2>\n<h2 style=\"text-align: center;\"><span style=\"color: #c0aa04;\"><strong>fin JANVIER \u2013 d\u00e9but <\/strong>F\u00c9VRIER<\/span><\/h2>\n<h2 style=\"text-align: center;\"><span style=\"color: #c0aa04;\">*********************************************<\/span><\/h2>\n<h2 style=\"text-align: center;\"><span style=\"color: #034c24;\"><strong>Mi-F\u00e9vrier \u2013 Jusqu\u2019\u00e0 fin Juin <\/strong><\/span><\/h2>\n<h3><span style=\"color: #c0aa04;\"><strong>Coran<\/strong><\/span><\/h3>\n<ul>\n<li><strong>Approfondissement de la maitrise de la lecture du Coran : <\/strong><\/li>\n<li>Lecture du 3\u00e9me djouz&rsquo; et le 26e avec un Tajwid accept\u00e9<\/li>\n<li>Ma\u00eetriser les r\u00e8gles de Tajwid noun sakina et tanwin (izhar,idgham) <a href=\"https:\/\/www.librairie-sana.com\/science-du-tajwid\/7917-le-tajwid-simplifie-nouvelle-approche-niveaux-1-2-de-livre-farid-ouyalize-tajwid-coran-9782356330178.html\">Livre Le Tajwid Simplifi\u00e9<\/a><\/li>\n<li>R\u00e9viser avec un bon Tajwid toutes les sourates connues<\/li>\n<li>Apprendre par c\u0153ur avec Tajwid depuis la Sourate Al-Fatihah jusqu\u2019\u00e0 <strong>la sourate Al Fil<\/strong><\/li>\n<li>Option m\u00e9morisation du Coran pour les \u00e9l\u00e8vesqui ma\u00eetrisent bien les r\u00e8gles de Tajwid (Filles et gar\u00e7ons)<\/li>\n<\/ul>\n<h3><span style=\"color: #c0aa04;\"><strong>Croyances <\/strong><\/span><\/h3>\n<ul>\n<li>Livre <a href=\"https:\/\/www.souk-ul-muslim.fr\/aquida-croyance\/2562-islam-croyance-et-pratique-petit-guide-suleyman-eris-du-nil.html\">Islam Croyance et Pratique (Petit Guide) &#8211; S\u00fcleyman Eris &#8211; Du Nil (A CONFIRMER APRES ACHAT)<\/a>\n<ul>\n<li>Le Coran<\/li>\n<li>La Civilisation islamique<\/li>\n<\/ul>\n<\/li>\n<\/ul>\n<h3><strong>\u00a0<\/strong><span style=\"color: #c0aa04;\"><strong>Adorations<\/strong><\/span><\/h3>\n<p>R\u00e9vision du livre AL Moukhtassar AL AKHDARI jusqu\u2019\u00e0 la fin AVEC PRATIQUE<\/p>\n<ul>\n<li><strong>Les diff\u00e9rentes cat\u00e9gories de pri\u00e8re en Islam<\/strong>\n<ul>\n<li>La pri\u00e8re du vendredi (Salat Al-Joumou\u2019a)<\/li>\n<li>La pri\u00e8re des deux f\u00eates (Salat Al-Eid)<\/li>\n<li>La pri\u00e8re du voyage (Jam\u2019 wal Qasr)<\/li>\n<li>La pri\u00e8re de consultation (Al-Istikhara)<\/li>\n<li>La pri\u00e8re du besoin (Salat Al-Haja)<\/li>\n<li>La pri\u00e8re de la peur (Salat al-khawf)<\/li>\n<li>La pri\u00e8re de demande de la pluie (Salat Al-Istiskha)<\/li>\n<li>La pri\u00e8re de l\u2019\u00e9clipse (Salat Al-Kusuf)<\/li>\n<\/ul>\n<\/li>\n<\/ul>\n<h3><span style=\"color: #c0aa04;\"><strong>Hadiths \u00e0 m\u00e9moriser en arabe et en fran\u00e7ais<\/strong><\/span><\/h3>\n<ul>\n<li>Livre <a href=\"https:\/\/www.librairie-sana.com\/le-hadith-livre\/5716-40-hadiths-de-nawawi-francais-arabe-format-poche-8-x-10-cm-9782752400376.html\">Quarante hadiths &#8211; Nawawi en langue arabe et fran\u00e7aise.<\/a><\/li>\n<li>7<sup>eme<\/sup> ,8<sup>eme<\/sup>; 9<sup>eme<\/sup> hadith du livre Quarante hadiths &#8211; Nawawi<\/li>\n<\/ul>\n<h3><span style=\"color: #c0aa04;\"><strong>Histoire de la vie du proph\u00e8te Mouhammad (PBSL) \u2013 Siratoun-Nabi 2 \u00e9me partie<\/strong><\/span><\/h3>\n<ul>\n<li>De la Page 32 \u00e0 la fin du livre<\/li>\n<\/ul>\n<h3><strong>\u00a0<\/strong><span style=\"color: #c0aa04;\"><strong>Invocations<\/strong><\/span><\/h3>\n<ul>\n<li>Livre d\u2019invocations \u00ab\u00a0Les indispensables\u00a0\u00bb<\/li>\n<li><strong>\u00a0<\/strong><strong>Visualisation du documentaire \u00ab\u00a0Voyage avec le Coran Saison 2\u00a0\u00bb<\/strong><\/li>\n<li>Ponctuellement selon l\u2019avancement du programme<\/li>\n<\/ul>\n<h2 style=\"text-align: center;\"><span style=\"color: #c0aa04;\">*********************************************<\/span><\/h2>\n<h2 style=\"text-align: center;\"><span style=\"color: #c0aa04;\"><span style=\"color: #c0aa04;\">\u00c9VALUATION<\/span><strong style=\"color: #c0aa04;\">\u00a0FIN 2 SEMESTRE <\/strong><\/span><\/h2>\n<h2 style=\"text-align: center;\"><span style=\"color: #c0aa04;\"><strong>du 1 au 15 JUIN<\/strong><\/span><\/h2>\n<h2 style=\"text-align: center;\"><span style=\"color: #c0aa04;\">*********************************************<\/span><\/h2>\n","protected":false},"excerpt":{"rendered":"<p>Programme Annuel \u2013 Classe Avanc\u00e9s D\u00e9but Septembre \u2013 Jusqu\u2019\u00e0 fin Octobre Coran Approfondissement de la maitrise de la lecture du Coran : Finir le reste du 29e djouz&rsquo; jusqu\u2019\u00e0 moursalat et essayer de lire aussi le 1er djouz&rsquo; et le&hellip; <br \/><a class=\"read-more-button\" href=\"https:\/\/mosqueenogentsuroise.fr\/index.php\/nos-activites\/cours-pour-enfants\/programme-annuel-avances\/\">Savoir plus<\/a><\/p>\n","protected":false},"author":1,"featured_media":0,"parent":215,"menu_order":3,"comment_status":"closed","ping_status":"closed","template":"","meta":{"give_campaign_id":0,"_monsterinsights_skip_tracking":false,"_monsterinsights_sitenote_active":false,"_monsterinsights_sitenote_note":"","_monsterinsights_sitenote_category":0,"footnotes":""},"class_list":["post-228","page","type-page","status-publish","hentry"],"yoast_head":"<!-- This site is optimized with the Yoast SEO plugin v27.4 - https:\/\/yoast.com\/product\/yoast-seo-wordpress\/ -->\n<title>Programme annuel des avanc\u00e9s - Mosqu\u00e9e de Nogent sur Oise<\/title>\n<meta name=\"robots\" content=\"index, follow, max-snippet:-1, max-image-preview:large, max-video-preview:-1\" \/>\n<link rel=\"canonical\" href=\"https:\/\/mosqueenogentsuroise.fr\/index.php\/nos-activites\/cours-pour-enfants\/programme-annuel-avances\/\" \/>\n<meta property=\"og:locale\" content=\"fr_FR\" \/>\n<meta property=\"og:type\" content=\"article\" \/>\n<meta property=\"og:title\" content=\"Programme annuel des avanc\u00e9s - Mosqu\u00e9e de Nogent sur Oise\" \/>\n<meta property=\"og:description\" content=\"Programme Annuel \u2013 Classe Avanc\u00e9s D\u00e9but Septembre \u2013 Jusqu\u2019\u00e0 fin Octobre Coran Approfondissement de la maitrise de la lecture du Coran : Finir le reste du 29e djouz&rsquo; jusqu\u2019\u00e0 moursalat et essayer de lire aussi le 1er djouz&rsquo; et le&hellip; Savoir plus\" \/>\n<meta property=\"og:url\" content=\"https:\/\/mosqueenogentsuroise.fr\/index.php\/nos-activites\/cours-pour-enfants\/programme-annuel-avances\/\" \/>\n<meta property=\"og:site_name\" content=\"Mosqu\u00e9e de Nogent sur Oise\" \/>\n<meta property=\"article:modified_time\" content=\"2021-04-19T10:45:03+00:00\" \/>\n<meta name=\"twitter:card\" content=\"summary_large_image\" \/>\n<meta name=\"twitter:label1\" content=\"Dur\u00e9e de lecture estim\u00e9e\" \/>\n\t<meta name=\"twitter:data1\" content=\"4 minutes\" \/>\n<script type=\"application\/ld+json\" class=\"yoast-schema-graph\">{\"@context\":\"https:\\\/\\\/schema.org\",\"@graph\":[{\"@type\":\"WebPage\",\"@id\":\"https:\\\/\\\/mosqueenogentsuroise.fr\\\/index.php\\\/nos-activites\\\/cours-pour-enfants\\\/programme-annuel-avances\\\/\",\"url\":\"https:\\\/\\\/mosqueenogentsuroise.fr\\\/index.php\\\/nos-activites\\\/cours-pour-enfants\\\/programme-annuel-avances\\\/\",\"name\":\"Programme annuel des avanc\u00e9s - Mosqu\u00e9e de Nogent sur Oise\",\"isPartOf\":{\"@id\":\"https:\\\/\\\/mosqueenogentsuroise.fr\\\/#website\"},\"datePublished\":\"2017-08-26T21:39:19+00:00\",\"dateModified\":\"2021-04-19T10:45:03+00:00\",\"breadcrumb\":{\"@id\":\"https:\\\/\\\/mosqueenogentsuroise.fr\\\/index.php\\\/nos-activites\\\/cours-pour-enfants\\\/programme-annuel-avances\\\/#breadcrumb\"},\"inLanguage\":\"fr-FR\",\"potentialAction\":[{\"@type\":\"ReadAction\",\"target\":[\"https:\\\/\\\/mosqueenogentsuroise.fr\\\/index.php\\\/nos-activites\\\/cours-pour-enfants\\\/programme-annuel-avances\\\/\"]}]},{\"@type\":\"BreadcrumbList\",\"@id\":\"https:\\\/\\\/mosqueenogentsuroise.fr\\\/index.php\\\/nos-activites\\\/cours-pour-enfants\\\/programme-annuel-avances\\\/#breadcrumb\",\"itemListElement\":[{\"@type\":\"ListItem\",\"position\":1,\"name\":\"Accueil\",\"item\":\"https:\\\/\\\/mosqueenogentsuroise.fr\\\/\"},{\"@type\":\"ListItem\",\"position\":2,\"name\":\"Nos activit\u00e9s\",\"item\":\"https:\\\/\\\/mosqueenogentsuroise.fr\\\/index.php\\\/nos-activites\\\/\"},{\"@type\":\"ListItem\",\"position\":3,\"name\":\"Cours pour enfants\",\"item\":\"https:\\\/\\\/mosqueenogentsuroise.fr\\\/index.php\\\/nos-activites\\\/cours-pour-enfants\\\/\"},{\"@type\":\"ListItem\",\"position\":4,\"name\":\"Programme annuel des avanc\u00e9s\"}]},{\"@type\":\"WebSite\",\"@id\":\"https:\\\/\\\/mosqueenogentsuroise.fr\\\/#website\",\"url\":\"https:\\\/\\\/mosqueenogentsuroise.fr\\\/\",\"name\":\"Mosqu\u00e9e de Nogent sur Oise\",\"description\":\"\",\"potentialAction\":[{\"@type\":\"SearchAction\",\"target\":{\"@type\":\"EntryPoint\",\"urlTemplate\":\"https:\\\/\\\/mosqueenogentsuroise.fr\\\/?s={search_term_string}\"},\"query-input\":{\"@type\":\"PropertyValueSpecification\",\"valueRequired\":true,\"valueName\":\"search_term_string\"}}],\"inLanguage\":\"fr-FR\"}]}<\/script>\n<!-- \/ Yoast SEO plugin. -->","yoast_head_json":{"title":"Programme annuel des avanc\u00e9s - Mosqu\u00e9e de Nogent sur Oise","robots":{"index":"index","follow":"follow","max-snippet":"max-snippet:-1","max-image-preview":"max-image-preview:large","max-video-preview":"max-video-preview:-1"},"canonical":"https:\/\/mosqueenogentsuroise.fr\/index.php\/nos-activites\/cours-pour-enfants\/programme-annuel-avances\/","og_locale":"fr_FR","og_type":"article","og_title":"Programme annuel des avanc\u00e9s - Mosqu\u00e9e de Nogent sur Oise","og_description":"Programme Annuel \u2013 Classe Avanc\u00e9s D\u00e9but Septembre \u2013 Jusqu\u2019\u00e0 fin Octobre Coran Approfondissement de la maitrise de la lecture du Coran : Finir le reste du 29e djouz&rsquo; jusqu\u2019\u00e0 moursalat et essayer de lire aussi le 1er djouz&rsquo; et le&hellip; Savoir plus","og_url":"https:\/\/mosqueenogentsuroise.fr\/index.php\/nos-activites\/cours-pour-enfants\/programme-annuel-avances\/","og_site_name":"Mosqu\u00e9e de Nogent sur Oise","article_modified_time":"2021-04-19T10:45:03+00:00","twitter_card":"summary_large_image","twitter_misc":{"Dur\u00e9e de lecture estim\u00e9e":"4 minutes"},"schema":{"@context":"https:\/\/schema.org","@graph":[{"@type":"WebPage","@id":"https:\/\/mosqueenogentsuroise.fr\/index.php\/nos-activites\/cours-pour-enfants\/programme-annuel-avances\/","url":"https:\/\/mosqueenogentsuroise.fr\/index.php\/nos-activites\/cours-pour-enfants\/programme-annuel-avances\/","name":"Programme annuel des avanc\u00e9s - Mosqu\u00e9e de Nogent sur Oise","isPartOf":{"@id":"https:\/\/mosqueenogentsuroise.fr\/#website"},"datePublished":"2017-08-26T21:39:19+00:00","dateModified":"2021-04-19T10:45:03+00:00","breadcrumb":{"@id":"https:\/\/mosqueenogentsuroise.fr\/index.php\/nos-activites\/cours-pour-enfants\/programme-annuel-avances\/#breadcrumb"},"inLanguage":"fr-FR","potentialAction":[{"@type":"ReadAction","target":["https:\/\/mosqueenogentsuroise.fr\/index.php\/nos-activites\/cours-pour-enfants\/programme-annuel-avances\/"]}]},{"@type":"BreadcrumbList","@id":"https:\/\/mosqueenogentsuroise.fr\/index.php\/nos-activites\/cours-pour-enfants\/programme-annuel-avances\/#breadcrumb","itemListElement":[{"@type":"ListItem","position":1,"name":"Accueil","item":"https:\/\/mosqueenogentsuroise.fr\/"},{"@type":"ListItem","position":2,"name":"Nos activit\u00e9s","item":"https:\/\/mosqueenogentsuroise.fr\/index.php\/nos-activites\/"},{"@type":"ListItem","position":3,"name":"Cours pour enfants","item":"https:\/\/mosqueenogentsuroise.fr\/index.php\/nos-activites\/cours-pour-enfants\/"},{"@type":"ListItem","position":4,"name":"Programme annuel des avanc\u00e9s"}]},{"@type":"WebSite","@id":"https:\/\/mosqueenogentsuroise.fr\/#website","url":"https:\/\/mosqueenogentsuroise.fr\/","name":"Mosqu\u00e9e de Nogent sur Oise","description":"","potentialAction":[{"@type":"SearchAction","target":{"@type":"EntryPoint","urlTemplate":"https:\/\/mosqueenogentsuroise.fr\/?s={search_term_string}"},"query-input":{"@type":"PropertyValueSpecification","valueRequired":true,"valueName":"search_term_string"}}],"inLanguage":"fr-FR"}]}},"campaignId":"","_links":{"self":[{"href":"https:\/\/mosqueenogentsuroise.fr\/index.php\/wp-json\/wp\/v2\/pages\/228","targetHints":{"allow":["GET"]}}],"collection":[{"href":"https:\/\/mosqueenogentsuroise.fr\/index.php\/wp-json\/wp\/v2\/pages"}],"about":[{"href":"https:\/\/mosqueenogentsuroise.fr\/index.php\/wp-json\/wp\/v2\/types\/page"}],"author":[{"embeddable":true,"href":"https:\/\/mosqueenogentsuroise.fr\/index.php\/wp-json\/wp\/v2\/users\/1"}],"replies":[{"embeddable":true,"href":"https:\/\/mosqueenogentsuroise.fr\/index.php\/wp-json\/wp\/v2\/comments?post=228"}],"version-history":[{"count":7,"href":"https:\/\/mosqueenogentsuroise.fr\/index.php\/wp-json\/wp\/v2\/pages\/228\/revisions"}],"predecessor-version":[{"id":1028,"href":"https:\/\/mosqueenogentsuroise.fr\/index.php\/wp-json\/wp\/v2\/pages\/228\/revisions\/1028"}],"up":[{"embeddable":true,"href":"https:\/\/mosqueenogentsuroise.fr\/index.php\/wp-json\/wp\/v2\/pages\/215"}],"wp:attachment":[{"href":"https:\/\/mosqueenogentsuroise.fr\/index.php\/wp-json\/wp\/v2\/media?parent=228"}],"curies":[{"name":"wp","href":"https:\/\/api.w.org\/{rel}","templated":true}]}}