{"id":215,"date":"2017-08-26T23:25:16","date_gmt":"2017-08-26T21:25:16","guid":{"rendered":"https:\/\/mosqueenogentsuroise.fr\/?page_id=215"},"modified":"2026-04-01T12:20:56","modified_gmt":"2026-04-01T10:20:56","slug":"cours-pour-enfants","status":"publish","type":"page","link":"https:\/\/mosqueenogentsuroise.fr\/index.php\/nos-activites\/cours-pour-enfants\/","title":{"rendered":"Cours pour enfants"},"content":{"rendered":"\n<div class=\"wp-block-buttons is-content-justification-center is-layout-flex wp-container-core-buttons-is-layout-16018d1d wp-block-buttons-is-layout-flex\">\n<div class=\"wp-block-button has-custom-width wp-block-button__width-50 is-style-outline is-style-outline--1\"><a class=\"wp-block-button__link has-text-color has-background has-medium-font-size has-custom-font-size wp-element-button\" href=\"https:\/\/mosqueenogentsuroise.fr\/index.php\/nos-activites\/cours-pour-enfants\/pre-inscription-aux-cours-2026-2027\/\" style=\"border-radius:100px;color:#c0aa04;background-color:#034c24\" target=\"_blank\" rel=\"noreferrer noopener\"><strong>Pr\u00e9-inscription en ligne<\/strong><\/a><\/div>\n<\/div>\n\n\n\n<hr class=\"wp-block-separator has-alpha-channel-opacity\"\/>\n\n\n<p>L\u2019Association Nogentaise d\u2019\u00c9changes Culturels (ANEC) organise des cours d\u2019apprentissage du Noble Coran et d&rsquo;\u00e9ducation musulmane et spirituelle. Ces cours se d\u00e9rouleront du mois de septembre 2026 au mois de juin 2027. Ils sont principalement destin\u00e9s aux enfants des familles Nogentaises de confession musulmane \u00e2g\u00e9s de 4 \u00e0 18 ans.<\/p>\n<p>Dans la continuit\u00e9 des ann\u00e9es pr\u00e9c\u00e9dentes, les cours seront organis\u00e9s suivant plusieurs niveaux (Maternelles &#8211; niveau 1 &#8211; niveau 2 &#8211; \u2026 &#8211; niveau 10).<\/p>\n<p>Compte tenu que beaucoup d&rsquo;\u00e9l\u00e8ves de cette ann\u00e9e se r\u00e9inscrivent pour l&rsquo;ann\u00e9e 2026\/2027, les places disponibles sont donc tr\u00e8s limit\u00e9es. Nous vous invitons \u00e0 effectuer votre demande de pr\u00e9-inscription <a href=\"https:\/\/mosqueenogentsuroise.fr\/index.php\/nos-activites\/cours-pour-enfants\/pre-inscription-aux-cours-2026-2027\/\" target=\"_blank\" rel=\"noopener\">ici<\/a>\u00a0au plus t\u00f4t afin d&rsquo;\u00eatre positionn\u00e9 au plus haut dans la liste d&rsquo;attente. Vous serez par la suite contact\u00e9s pour confirmer ou non l&rsquo;inscription.<\/p>\n<p>Vous trouverez ci-dessous toutes les informations concernant ces cours, vous pouvez aussi effectuer une demande de pr\u00e9-inscription <a style=\"pointer-events: none;\" href=\"https:\/\/mosqueenogentsuroise.fr\/index.php\/nos-activites\/cours-pour-enfants\/pre-inscription-aux-cours-2026-2027\/\" target=\"_blank\" rel=\"noopener\">ici<\/a>.<\/p>\n<h1><span lang=\"FR\" style=\"color: #034c24;\">Programme d\u2019enseignement<\/span><\/h1>\n<h2><span lang=\"FR\" style=\"color: #034c24;\">G\u00e9n\u00e9ralit\u00e9s<\/span><\/h2>\n<table width=\"876\">\n<tbody>\n<tr>\n<td width=\"158\"><b>NIVEAUX<\/b><\/td>\n<td width=\"491\"><strong>PROGRAMME<\/strong><\/td>\n<\/tr>\n<tr>\n<td width=\"158\"><strong>\u00a0<\/strong>\n<p><strong>\u00a0<\/strong><strong>\u00a0<\/strong><\/p>\n<p><strong>\u00a0<\/strong><\/p>\n<p style=\"text-align: center;\"><b>Niveau<\/b><\/p>\n<p style=\"text-align: center;\"><strong>1 \u00e0 2<\/strong><\/p>\n<\/td>\n<td width=\"491\">\n<ul>\n<li><strong>\u00a0<\/strong><strong>Coran<\/strong>\n<ul>\n<li>Lecture du livre Noorani Qaida<\/li>\n<li>Apprentissage de l\u2019alphabet arabe<\/li>\n<li>Lettres combin\u00e9es, Harakats et Madd<\/li>\n<li>Construction des mots et des phrases<\/li>\n<li>M\u00e9morisation des 10 derni\u00e8res sourates<\/li>\n<\/ul>\n<\/li>\n<\/ul>\n<ul>\n<li><strong>\u00c9ducation musulmane<\/strong>\n<ul>\n<li>Foi et croyance (piliers de l\u2019islam et de la foi)<\/li>\n<li>M\u00e9morisation des paroles sacr\u00e9es et des invocations du quotidien<\/li>\n<li>Ibadat et Adaab (Woudhou, Salat, manger, dormir)<\/li>\n<\/ul>\n<\/li>\n<li><strong>\u00c9ducation spirituelle<\/strong>\n<ul>\n<li>Histoires des proph\u00e8tes<\/li>\n<li>Vie du Proph\u00e8te Mohamed (PBSL)<strong><br \/><\/strong><\/li>\n<\/ul>\n<\/li>\n<\/ul>\n<\/td>\n<\/tr>\n<tr>\n<td width=\"158\"><strong>\u00a0<\/strong><strong>\u00a0<\/strong>\n<p><strong>\u00a0<\/strong><\/p>\n<p><strong>\u00a0<\/strong><\/p>\n<p style=\"text-align: center;\"><b>Niveau<\/b><\/p>\n<p style=\"text-align: center;\"><strong>3 \u00e0 5<\/strong><\/p>\n<\/td>\n<td width=\"491\">\n<ul>\n<li><strong>\u00a0<\/strong><strong>Coran<\/strong>\n<ul>\n<li>Lecture du noble Coran Jouzz AMMA<\/li>\n<li>Apprentissage des r\u00e8gles de Tajweed<\/li>\n<li>R\u00e9citation avec Tajweed<\/li>\n<li>M\u00e9morisation des sourates<\/li>\n<\/ul>\n<\/li>\n<\/ul>\n<ul>\n<li><strong>Education musulmane<\/strong>\n<ul>\n<li>Foi et croyance (piliers de l\u2019islam et de la foi)<\/li>\n<li>M\u00e9morisation des paroles sacr\u00e9es et des invocations du quotidien<\/li>\n<li>Ibadat et Adaab (5 piliers, comportement, maison)<\/li>\n<\/ul>\n<\/li>\n<li><strong>\u00c9ducation spirituelle<\/strong>\n<ul>\n<li>Histoires des proph\u00e8tes<\/li>\n<li>Vie du Proph\u00e8te Mohamed (PBSL)<strong><br \/><\/strong><\/li>\n<\/ul>\n<\/li>\n<\/ul>\n<\/td>\n<\/tr>\n<tr>\n<td width=\"158\"><strong>\u00a0<\/strong>\n<p><strong>\u00a0<\/strong><\/p>\n<p><strong>\u00a0<\/strong><\/p>\n<p style=\"text-align: center;\"><b>Niveau<\/b><\/p>\n<p style=\"text-align: center;\"><strong>6 \u00e0 10<\/strong><\/p>\n<\/td>\n<td width=\"491\">\n<ul>\n<li><strong>\u00a0<\/strong><strong>Coran<\/strong>\n<ul>\n<li>Lecture du noble Coran Jouzz 1 \u00e0 4<\/li>\n<li>Apprentissage des r\u00e8gles de Tajweed<\/li>\n<li>R\u00e9citation avec Tajweed<\/li>\n<li>M\u00e9morisation des sourates<\/li>\n<\/ul>\n<\/li>\n<\/ul>\n<ul>\n<li><strong>\u00c9ducation musulmane<\/strong>\n<ul>\n<li>Foi et croyance (piliers de l\u2019islam et de la foi)<\/li>\n<li>M\u00e9morisation des paroles sacr\u00e9es et des invocations du quotidien<\/li>\n<li>Ibadat et Adaab (Salat, comportement, maison)<\/li>\n<\/ul>\n<\/li>\n<li><strong>\u00c9ducation spirituelle<\/strong>\n<ul>\n<li>Histoires des proph\u00e8tes<\/li>\n<li>Vie du Proph\u00e8te Mohamed (PBSL)<\/li>\n<\/ul>\n<\/li>\n<\/ul>\n<\/td>\n<\/tr>\n<\/tbody>\n<\/table>\n<h2><strong>\u00a0<\/strong><span style=\"color: #034c24;\"><strong>ORGANISATION<\/strong><\/span><\/h2>\n<ul>\n<li>L&rsquo;ann\u00e9e est divis\u00e9e en 2 semestres, le premier allant de septembre 2026 \u00e0 janvier 2027 et le second de f\u00e9vrier \u00e0 juin 2027. Chaque semestre sera cl\u00f4tur\u00e9 par une p\u00e9riode d&rsquo;\u00e9valuation.<\/li>\n<li>Un bulletin de notes sera remis aux parents \u00e0 la fin de chaque semestre.<\/li>\n<li><strong>\u00a0<\/strong>Les \u00e9l\u00e8ves sont \u00e9valu\u00e9s selon trois crit\u00e8res\u00a0: travail, assiduit\u00e9 et comportement<\/li>\n<li><strong>\u00a0<\/strong>Un carnet de correspondance sert de document de liaison entre parents et enseignants<\/li>\n<li><strong>\u00a0<\/strong>Le passage d\u2019une classe \u00e0 l\u2019autre se fait sur examen et d\u00e9cisions des enseignants<\/li>\n<li><strong>\u00a0<\/strong>Un \u00e9l\u00e8ve peut passer d\u2019une classe \u00e0 l\u2019autre en courant d\u2019ann\u00e9e. La d\u00e9cision est laiss\u00e9e \u00e0 la discr\u00e9tion des enseignants.<\/li>\n<li><strong>\u00a0<\/strong>L\u2019association organise ponctuellement de sessions de visualisation de documentaires \u00e9ducatifs en relation avec le contenu du programme.<\/li>\n<li><strong>\u00a0<\/strong>L\u2019association peut organiser ponctuellement des activit\u00e9s sportives pendant les vacances scolaires.<\/li>\n<li>Une s\u00e9ance de remise des prix est organis\u00e9e en fin d\u2019ann\u00e9es pour r\u00e9compenser les \u00e9l\u00e8ves et distinguer les plus m\u00e9ritants<\/li>\n<li><strong>\u00a0<\/strong>L\u2019association organise une sortie de fin d\u2019ann\u00e9e afin de r\u00e9compenser les \u00e9l\u00e8ves pour les efforts fournis tout au long de l\u2019ann\u00e9e<\/li>\n<\/ul>\n<h1 class=\"m_-8304133288825790379gmail-MsoListParagraphCxSpMiddle\"><span lang=\"FR\"><span style=\"color: #034c24;\">Programme d\u00e9taill\u00e9 annuel par classe :<\/span><br \/><\/span><\/h1>\n<h2><a style=\"pointer-events: none;\" href=\"https:\/\/mosqueenogentsuroise.fr\/index.php\/nos-activites\/cours-pour-enfants\/programme-annuel-debutants-2\/\"><span style=\"color: #c0aa04;\">Maternelles<\/span><\/a><\/h2>\n<h2 class=\"m_-8304133288825790379gmail-MsoListParagraphCxSpMiddle\"><a style=\"pointer-events: none;\" href=\"https:\/\/mosqueenogentsuroise.fr\/index.php\/nos-activites\/cours-pour-enfants\/programme-annuel-debutants\/\"><span style=\"color: #c0aa04;\"><span lang=\"FR\">D\u00e9butants (niveau 1 \u00e0 2)<\/span><\/span><\/a><\/h2>\n<h2 class=\"m_-8304133288825790379gmail-MsoListParagraphCxSpMiddle\"><a style=\"pointer-events: none;\" href=\"https:\/\/mosqueenogentsuroise.fr\/index.php\/nos-activites\/cours-pour-enfants\/programme-annuel-intermediaires\/\"><span lang=\"FR\" style=\"color: #c0aa04;\">Interm\u00e9diaires (niveau 3 \u00e0 5)<\/span><\/a><\/h2>\n<h2 class=\"m_-8304133288825790379gmail-MsoListParagraphCxSpMiddle\"><a style=\"pointer-events: none;\" href=\"https:\/\/mosqueenogentsuroise.fr\/index.php\/nos-activites\/cours-pour-enfants\/programme-annuel-avances\/\"><span style=\"color: #c0aa04;\"><span lang=\"FR\">Avanc\u00e9s (niveau 6 \u00e0 10)<\/span><\/span><\/a><\/h2>\n<h1 class=\"m_-8304133288825790379gmail-MsoListParagraphCxSpMiddle\"><span lang=\"FR\" style=\"color: #034c24;\">Planning annuel <\/span><span lang=\"FR\" style=\"color: #034c24;\">2026-2027<\/span><\/h1>\n<p>Le planning sera mis en ligne \u00e0 la rentr\u00e9e de septembre 2026.<\/p>\n<h1><span style=\"color: #034c24;\">Inscription<\/span><\/h1>\n<p>Le formulaire pour effectuer votre demande de pr\u00e9-inscription est disponible <a style=\"pointer-events: none;\" href=\"https:\/\/mosqueenogentsuroise.fr\/index.php\/nos-activites\/cours-pour-enfants\/pre-inscription-aux-cours-2026-2027\/\" target=\"_blank\" rel=\"noopener\">ici<\/a><\/p>\n<h1 class=\"m_-8304133288825790379gmail-MsoListParagraphCxSpMiddle\"><span lang=\"FR\" style=\"color: #034c24;\">Extrait du r\u00e8glement int\u00e9rieur<\/span><\/h1>\n<p>L\u2019Association Nogentaise d\u2019\u00c9changes Culturels (ANEC) organise des cours d\u2019apprentissage du Coran. Ces cours se d\u00e9rouleront du mois de septembre 2026 au mois de juin 2027. Ils sont principalement destin\u00e9s aux enfants des familles Nogentaises de confession musulmane \u00e2g\u00e9s de 4 ans \u00e0 18 ans.<\/p>\n<p>Afin que chaque enfant puisse trouver un lieu de travail et d\u2019apprentissage propice \u00e0 son \u00e9panouissement, l\u2019\u00e9quipe \u00e9ducative a \u00e9labor\u00e9 quelques r\u00e8gles de vie \u00e0 suivre\u00a0: <!--more--><\/p>\n<p><span style=\"color: #c0aa04;\"><u>1\u00a0.Horaires\u00a0<\/u><\/span><\/p>\n<ul>\n<li>Les cours auront lieux selon le planning communiqu\u00e9 par l\u2019association<\/li>\n<li>Les parents doivent d\u00e9poser leurs enfants au plus t\u00f4t un quart d\u2019heure avant le d\u00e9but des cours et les r\u00e9cup\u00e9rer \u00e0 l\u2019heure exacte de fin pr\u00e9vue.<\/li>\n<li>Les enfants doivent imp\u00e9rativement \u00eatre pr\u00e9sents \u00e0 l\u2019heure exacte de d\u00e9but des cours<\/li>\n<\/ul>\n<p><span style=\"color: #c0aa04;\"><u>2\u00a0.Respect des personnes et du mat\u00e9riel\u00a0<\/u><\/span><\/p>\n<ul>\n<li>L\u2019\u00e9coute et l\u2019ob\u00e9issance \u00e0 l\u2019enseignant sont les r\u00e8gles de base qui r\u00e9gissent le bon fonctionnement des cours<\/li>\n<li>Aussi les \u00e9l\u00e8ves se respecteront mutuellement, seront courtois et tol\u00e9rants entre eux<\/li>\n<li>Ils seront \u00e9galement respectueux des surveillants ainsi que des lieux o\u00f9 se d\u00e9rouleront les cours<\/li>\n<li>L\u2019association se r\u00e9serve le droit de renvoi d\u2019un \u00e9l\u00e8ve en cas de manque de respect r\u00e9current et ceci sans remboursement<\/li>\n<li>L\u2019usage du portable, baladeur MP3, I-POD, PSP, PS et autres est interdit pendant les cours sous peine de confiscation.<\/li>\n<\/ul>\n<p><span style=\"color: #c0aa04;\"><u>\u00a0<\/u><u>3\u00a0.Absent\u00e9isme\u00a0<\/u><\/span><\/p>\n<ul>\n<li>L\u2019assiduit\u00e9 aux cours est indispensable au progr\u00e8s de l\u2019enfant, il est fortement recommand\u00e9 aux parents de s\u2019assurer que leurs enfants assistent \u00e0 tous les cours programm\u00e9s et d\u2019informer \u00e0 l\u2019avance l\u2019association en cas d\u2019absence<\/li>\n<li>L\u2019enseignant effectuera l\u2019appel \u00e0 chaque d\u00e9but de cours<\/li>\n<li>Les absences r\u00e9p\u00e9t\u00e9es et non justifi\u00e9es entra\u00eeneront le renvoi des cours de l\u2019enfant sans remboursement<\/li>\n<\/ul>\n<p><span style=\"color: #c0aa04;\"><u>4\u00a0.R\u00f4le des parents\u00a0<\/u><\/span><\/p>\n<ul>\n<li>Les parents ont la responsabilit\u00e9 d\u2019inculquer \u00e0 leurs enfants les valeurs de respect et d\u2019ob\u00e9issance \u00e0 l\u2019enseignant dont le r\u00f4le principal est l\u2019enseignement<\/li>\n<li>Les enfants devront arriver propre et en tenue appropri\u00e9e<\/li>\n<li>Les enfants arriveront et repartiront des cours accompagn\u00e9s d\u2019un adulte, l\u2019association d\u00e9gagera toute responsabilit\u00e9 en cas d\u2019accident ou de probl\u00e8mes en dehors des heures de cours<\/li>\n<li>Les enfants devront amener \u00e0 chaque cours leur mat\u00e9riel, dont un cahier qui servira de liaison entre les responsables et les parents.<\/li>\n<li>Les parents doivent veiller \u00e0 ce que leurs enfants aient toujours tous leurs mat\u00e9riels avant de ce rendre au cours<\/li>\n<li>Les parents doivent veiller \u00e0 ce que leurs enfants r\u00e9alisent leurs devoirs \u00e0 la maison notamment en p\u00e9riode d&rsquo;examen<\/li>\n<li>Le professeur ne devra pas \u00eatre d\u00e9rang\u00e9 par les parents d\u2019\u00e9l\u00e8ves pendant les cours<\/li>\n<li>Les parents s\u2019engagent par cette pr\u00e9sente fiche \u00e0 respecter tous les points de ce r\u00e8glement.<\/li>\n<\/ul>\n<p><span style=\"color: #c0aa04;\"><u>5\u00a0.Sanctions et r\u00e9compenses<\/u><\/span><\/p>\n<ul>\n<li>Punitions en cas de non-respect de ces r\u00e8gles de vie\u00a0:\n<ul>\n<li>Remarque orale ou \u00e9crite<\/li>\n<li>Consigne<\/li>\n<li>Mise en garde\u00a0et avertissement<\/li>\n<li>Exclusion temporaire ou d\u00e9finitive<\/li>\n<\/ul>\n<\/li>\n<\/ul>\n<ul>\n<li>R\u00e9compense pour les \u00e9l\u00e8ves m\u00e9ritants :\n<ul>\n<li>Encouragements<\/li>\n<li>Feuille de progression<\/li>\n<li>Remise de prix en fin d\u2019ann\u00e9e<\/li>\n<\/ul>\n<\/li>\n<\/ul>","protected":false},"excerpt":{"rendered":"<p>L\u2019Association Nogentaise d\u2019\u00c9changes Culturels (ANEC) organise des cours d\u2019apprentissage du Noble Coran et d&rsquo;\u00e9ducation musulmane et spirituelle. Ces cours se d\u00e9rouleront du mois de septembre 2026 au mois de juin 2027. Ils sont principalement destin\u00e9s aux enfants des familles Nogentaises&hellip; <br \/><a class=\"read-more-button\" href=\"https:\/\/mosqueenogentsuroise.fr\/index.php\/nos-activites\/cours-pour-enfants\/\">Savoir plus<\/a><\/p>\n","protected":false},"author":1,"featured_media":0,"parent":213,"menu_order":1,"comment_status":"closed","ping_status":"closed","template":"","meta":{"give_campaign_id":0,"_monsterinsights_skip_tracking":false,"_monsterinsights_sitenote_active":false,"_monsterinsights_sitenote_note":"","_monsterinsights_sitenote_category":0,"footnotes":""},"class_list":["post-215","page","type-page","status-publish","hentry"],"yoast_head":"<!-- This site is optimized with the Yoast SEO plugin v27.4 - https:\/\/yoast.com\/product\/yoast-seo-wordpress\/ -->\n<title>Cours pour enfants - Mosqu\u00e9e de Nogent sur Oise<\/title>\n<meta name=\"robots\" content=\"index, follow, max-snippet:-1, max-image-preview:large, max-video-preview:-1\" \/>\n<link rel=\"canonical\" href=\"https:\/\/mosqueenogentsuroise.fr\/index.php\/nos-activites\/cours-pour-enfants\/\" \/>\n<meta property=\"og:locale\" content=\"fr_FR\" \/>\n<meta property=\"og:type\" content=\"article\" \/>\n<meta property=\"og:title\" content=\"Cours pour enfants - Mosqu\u00e9e de Nogent sur Oise\" \/>\n<meta property=\"og:description\" content=\"L\u2019Association Nogentaise d\u2019\u00c9changes Culturels (ANEC) organise des cours d\u2019apprentissage du Noble Coran et d&rsquo;\u00e9ducation musulmane et spirituelle. Ces cours se d\u00e9rouleront du mois de septembre 2026 au mois de juin 2027. Ils sont principalement destin\u00e9s aux enfants des familles Nogentaises&hellip; Savoir plus\" \/>\n<meta property=\"og:url\" content=\"https:\/\/mosqueenogentsuroise.fr\/index.php\/nos-activites\/cours-pour-enfants\/\" \/>\n<meta property=\"og:site_name\" content=\"Mosqu\u00e9e de Nogent sur Oise\" \/>\n<meta property=\"article:modified_time\" content=\"2026-04-01T10:20:56+00:00\" \/>\n<meta name=\"twitter:card\" content=\"summary_large_image\" \/>\n<meta name=\"twitter:label1\" content=\"Dur\u00e9e de lecture estim\u00e9e\" \/>\n\t<meta name=\"twitter:data1\" content=\"6 minutes\" \/>\n<script type=\"application\/ld+json\" class=\"yoast-schema-graph\">{\"@context\":\"https:\\\/\\\/schema.org\",\"@graph\":[{\"@type\":\"WebPage\",\"@id\":\"https:\\\/\\\/mosqueenogentsuroise.fr\\\/index.php\\\/nos-activites\\\/cours-pour-enfants\\\/\",\"url\":\"https:\\\/\\\/mosqueenogentsuroise.fr\\\/index.php\\\/nos-activites\\\/cours-pour-enfants\\\/\",\"name\":\"Cours pour enfants - Mosqu\u00e9e de Nogent sur Oise\",\"isPartOf\":{\"@id\":\"https:\\\/\\\/mosqueenogentsuroise.fr\\\/#website\"},\"datePublished\":\"2017-08-26T21:25:16+00:00\",\"dateModified\":\"2026-04-01T10:20:56+00:00\",\"breadcrumb\":{\"@id\":\"https:\\\/\\\/mosqueenogentsuroise.fr\\\/index.php\\\/nos-activites\\\/cours-pour-enfants\\\/#breadcrumb\"},\"inLanguage\":\"fr-FR\",\"potentialAction\":[{\"@type\":\"ReadAction\",\"target\":[\"https:\\\/\\\/mosqueenogentsuroise.fr\\\/index.php\\\/nos-activites\\\/cours-pour-enfants\\\/\"]}]},{\"@type\":\"BreadcrumbList\",\"@id\":\"https:\\\/\\\/mosqueenogentsuroise.fr\\\/index.php\\\/nos-activites\\\/cours-pour-enfants\\\/#breadcrumb\",\"itemListElement\":[{\"@type\":\"ListItem\",\"position\":1,\"name\":\"Accueil\",\"item\":\"https:\\\/\\\/mosqueenogentsuroise.fr\\\/\"},{\"@type\":\"ListItem\",\"position\":2,\"name\":\"Nos activit\u00e9s\",\"item\":\"https:\\\/\\\/mosqueenogentsuroise.fr\\\/index.php\\\/nos-activites\\\/\"},{\"@type\":\"ListItem\",\"position\":3,\"name\":\"Cours pour enfants\"}]},{\"@type\":\"WebSite\",\"@id\":\"https:\\\/\\\/mosqueenogentsuroise.fr\\\/#website\",\"url\":\"https:\\\/\\\/mosqueenogentsuroise.fr\\\/\",\"name\":\"Mosqu\u00e9e de Nogent sur Oise\",\"description\":\"\",\"potentialAction\":[{\"@type\":\"SearchAction\",\"target\":{\"@type\":\"EntryPoint\",\"urlTemplate\":\"https:\\\/\\\/mosqueenogentsuroise.fr\\\/?s={search_term_string}\"},\"query-input\":{\"@type\":\"PropertyValueSpecification\",\"valueRequired\":true,\"valueName\":\"search_term_string\"}}],\"inLanguage\":\"fr-FR\"}]}<\/script>\n<!-- \/ Yoast SEO plugin. -->","yoast_head_json":{"title":"Cours pour enfants - Mosqu\u00e9e de Nogent sur Oise","robots":{"index":"index","follow":"follow","max-snippet":"max-snippet:-1","max-image-preview":"max-image-preview:large","max-video-preview":"max-video-preview:-1"},"canonical":"https:\/\/mosqueenogentsuroise.fr\/index.php\/nos-activites\/cours-pour-enfants\/","og_locale":"fr_FR","og_type":"article","og_title":"Cours pour enfants - Mosqu\u00e9e de Nogent sur Oise","og_description":"L\u2019Association Nogentaise d\u2019\u00c9changes Culturels (ANEC) organise des cours d\u2019apprentissage du Noble Coran et d&rsquo;\u00e9ducation musulmane et spirituelle. Ces cours se d\u00e9rouleront du mois de septembre 2026 au mois de juin 2027. Ils sont principalement destin\u00e9s aux enfants des familles Nogentaises&hellip; Savoir plus","og_url":"https:\/\/mosqueenogentsuroise.fr\/index.php\/nos-activites\/cours-pour-enfants\/","og_site_name":"Mosqu\u00e9e de Nogent sur Oise","article_modified_time":"2026-04-01T10:20:56+00:00","twitter_card":"summary_large_image","twitter_misc":{"Dur\u00e9e de lecture estim\u00e9e":"6 minutes"},"schema":{"@context":"https:\/\/schema.org","@graph":[{"@type":"WebPage","@id":"https:\/\/mosqueenogentsuroise.fr\/index.php\/nos-activites\/cours-pour-enfants\/","url":"https:\/\/mosqueenogentsuroise.fr\/index.php\/nos-activites\/cours-pour-enfants\/","name":"Cours pour enfants - Mosqu\u00e9e de Nogent sur Oise","isPartOf":{"@id":"https:\/\/mosqueenogentsuroise.fr\/#website"},"datePublished":"2017-08-26T21:25:16+00:00","dateModified":"2026-04-01T10:20:56+00:00","breadcrumb":{"@id":"https:\/\/mosqueenogentsuroise.fr\/index.php\/nos-activites\/cours-pour-enfants\/#breadcrumb"},"inLanguage":"fr-FR","potentialAction":[{"@type":"ReadAction","target":["https:\/\/mosqueenogentsuroise.fr\/index.php\/nos-activites\/cours-pour-enfants\/"]}]},{"@type":"BreadcrumbList","@id":"https:\/\/mosqueenogentsuroise.fr\/index.php\/nos-activites\/cours-pour-enfants\/#breadcrumb","itemListElement":[{"@type":"ListItem","position":1,"name":"Accueil","item":"https:\/\/mosqueenogentsuroise.fr\/"},{"@type":"ListItem","position":2,"name":"Nos activit\u00e9s","item":"https:\/\/mosqueenogentsuroise.fr\/index.php\/nos-activites\/"},{"@type":"ListItem","position":3,"name":"Cours pour enfants"}]},{"@type":"WebSite","@id":"https:\/\/mosqueenogentsuroise.fr\/#website","url":"https:\/\/mosqueenogentsuroise.fr\/","name":"Mosqu\u00e9e de Nogent sur Oise","description":"","potentialAction":[{"@type":"SearchAction","target":{"@type":"EntryPoint","urlTemplate":"https:\/\/mosqueenogentsuroise.fr\/?s={search_term_string}"},"query-input":{"@type":"PropertyValueSpecification","valueRequired":true,"valueName":"search_term_string"}}],"inLanguage":"fr-FR"}]}},"campaignId":"0","_links":{"self":[{"href":"https:\/\/mosqueenogentsuroise.fr\/index.php\/wp-json\/wp\/v2\/pages\/215","targetHints":{"allow":["GET"]}}],"collection":[{"href":"https:\/\/mosqueenogentsuroise.fr\/index.php\/wp-json\/wp\/v2\/pages"}],"about":[{"href":"https:\/\/mosqueenogentsuroise.fr\/index.php\/wp-json\/wp\/v2\/types\/page"}],"author":[{"embeddable":true,"href":"https:\/\/mosqueenogentsuroise.fr\/index.php\/wp-json\/wp\/v2\/users\/1"}],"replies":[{"embeddable":true,"href":"https:\/\/mosqueenogentsuroise.fr\/index.php\/wp-json\/wp\/v2\/comments?post=215"}],"version-history":[{"count":29,"href":"https:\/\/mosqueenogentsuroise.fr\/index.php\/wp-json\/wp\/v2\/pages\/215\/revisions"}],"predecessor-version":[{"id":1498,"href":"https:\/\/mosqueenogentsuroise.fr\/index.php\/wp-json\/wp\/v2\/pages\/215\/revisions\/1498"}],"up":[{"embeddable":true,"href":"https:\/\/mosqueenogentsuroise.fr\/index.php\/wp-json\/wp\/v2\/pages\/213"}],"wp:attachment":[{"href":"https:\/\/mosqueenogentsuroise.fr\/index.php\/wp-json\/wp\/v2\/media?parent=215"}],"curies":[{"name":"wp","href":"https:\/\/api.w.org\/{rel}","templated":true}]}}